lue of 10 + (-20 - (18 + -158 - -12)) + (12 - 4)?
126
What is 33 + 18 + 5 + 11 + -50?
17
Calculate -30 - (26 + 32 - 28 - 108).
48
What is 52 - 1 - (104 - (53 - -82))?
82
What is 4 + 0 + -4 + 7 - (11 - (37 - 64))?
-31
Evaluate -45 + 2 - (9 + (37 - 34)).
-55
What is (17 - 9) + -10 - (66 - ((-7 - -12) + -10))?
-73
1 - (-59 - -41 - -46)
-27
Evaluate -3 + 27 + -2 + 2 - (101 - (-40 - -152)).
35
(-69 - 20) + 6 + (-3 + 2 - (6 + -1))
-89
Evaluate -10 + 65 + 23 + (11 - (-5 + 5)).
89
Evaluate 76 + (49 - 63) + -104.
-42
What is -6 + (22 - (-16 + -2 + (-28 - -85)))?
-23
(-1 + 3 - 4) + (-114 + (20 - -1) - -12)
-83
Calculate (-11 - 2) + (6 + -17 - -18) + -2.
-8
What is 8 + (393 - 376 - (0 + -1 - -6) - -14)?
34
What is the value of (1 + 5 - ((16 - 26) + -1 - -12)) + 19?
24
What is 2 + 40 - (5 + (8 + (5 - 4) - 8))?
36
Calculate -17 + -32 + 17 + -34 + 9.
-57
0 + 4 + -1 - (-46 + (-19 + 12 - -83))
-27
(18 + -4 - 19 - -13) + -8
0
Calculate 5 + 16 + (30 - 39) - 44.
-32
What is the value of 174 + -182 + (-18 - (1 - 3) - (-3 + 0))?
-21
What is -1 + -2 + (2 - (-16 + 53))?
-38
What is the value of 4 - (124 + -89 + 2 + 1)?
-34
Calculate -15 + (6 - (23 + -31 + -51)).
50
-61 - -49 - (5 + 2) - (-50 + 137)
-106
What is 118 + -154 + (12 - -5)?
-19
-8 + -52 - (66 + -155)
29
What is the value of 65 + -69 + 1 - (19 + 1)?
-23
What is the value of -71 + -39 + 38 + 129?
57
Evaluate (-99 - -73) + 47 - (-8 - 1).
30
Calculate -15 + 75 + (-65 - -32 - -17).
44
28 - 1 - ((30 - (4 + -3)) + (-201 - -179))
20
-18 + 3 + (-17 - (3 - 4))
-31
Evaluate (1 - 4) + 5 + -13 + -2 + -7.
-20
What is the value of -122 + 121 + (1 + 8 - -5) + -11 - 74?
-72
Calculate 11 + (27 - (28 - -51)) + (16 - -2).
-23
What is the value of 5 - (2 + (2 - ((-12 + 7 - -2) + 11)))?
9
Calculate -9 - (25 - (-44 - -99)).
21
What is the value of -295 + 299 + -1 + -17 + 14?
0
Calculate 2061 - 1900 - (18 + 1 + 7 + -6).
141
Evaluate 3 + -1 + 3 - ((-17 - -48) + -31).
5
Evaluate 1 + (-2 - -4 - -4 - 3) + 25 + 7.
36
Evaluate -17 + -7 - (-45 - -15) - 19.
-13
Calculate 131 + -134 + 49 + 32.
78
Calculate 16 + -41 - -6 - (-1 + -16 + 4).
-6
What is the value of -87 - (11 + -23 + -14 + 3)?
-64
What is 73 + -50 - -122 - 103?
42
What is the value of 0 + 3 - (12 - 2) - (-8 + 9 - -39)?
-47
What is 45 - (17 - ((5 - -6) + -10))?
29
21 + -34 - (-20 - -29 - -10)
-32
What is the value of -10 - -3 - (20 + -12 - 4) - (-12 + 2)?
-1
Evaluate (3 - 29) + 11 - (-49 - -9).
25
What is 13230 + -13305 + -2 + -2 + -16?
-95
Evaluate 1 - 31 - 46 - -55.
-21
-3 - (-91 + 62 + 46)
-20
What is the value of -47 + (-55 - (-35 - 11))?
-56
Evaluate -6 + (0 + (24 - 11) + -7 - 37).
-37
Calculate -2 + -1 - (136 + -146) - (-5 + -2 + 4).
10
Calculate -33 - (12 - (-1 + 9 - (130 + -128))).
-39
What is the value of (-16 + -11 + -1 + 140 - 19) + -7?
86
Evaluate -73 - (-9 + -14) - (-23 + 6).
-33
Evaluate (-9 - (2 + 7 + -11) - -11) + -39.
-35
Evaluate 43 - 23 - (-1 + -6 - (-28 + 25)).
24
What is the value of -127 + 14 + 77 + -17?
-53
Calculate 2 - 37 - (-1 - 36 - (1552 - 1578)).
-24
What is the value of 2 - -45 - (-5 - (-3 + -22 + (57 - 43)))?
41
Calculate 0 - 1 - (438 + -399 - (32 - 1)).
-9
Calculate (-28 - (19 - 63)) + -3 + 50.
63
Calculate 0 + 2 - -12 - (-16 - -16 - 15).
29
Evaluate (23 - (33 - -21)) + 27.
-4
What is 7 + -12 + -1 - (-2 - ((-13 - 11) + -2))?
-30
Calculate (-1 - 9) + -12 + -12 + 24 + 10 + -12.
-12
-18 + (63 - (56 - 47))
36
(115 - 9) + -49 + -19
38
Evaluate 16 + -49 - ((-8 - -6) + (-1 - (6 - 2))).
-26
12 + 1 + (15 + 24 + -71 - -29)
10
79 - 203 - (-34 + -12)
-78
Calculate -46 + 4 + -10 + 3 + (41 - 25 - 9).
-42
(-49356 - -49354) + 2 + (-1 - -73 - (3 - 1))
70
What is the value of -42 + (-119 + 52 - -115)?
6
What is 58 + (20 - (-25 - -49))?
54
What is the value of (28 - 53 - (2 + (5 - 9))) + -6 + -3?
-32
Calculate 13 - (-5 - -8) - (90 - 86) - 9.
-3
Evaluate 14 + (172 - 168 - (-1 - -53)).
-34
-107 - -87 - 73 - -121
28
What is 53 - 42 - (2 + -1 + 0) - -4?
14
-8 - (5 - (-1 + 7)) - (-6 - 21)
20
Evaluate (-1 - (-2 - -2 - -12)) + (7 - 27 - -59).
26
Calculate 6 - (19 + -18 - -4 - 21).
22
Evaluate 1 - (30 - -9 - 24) - 65.
-79
Calculate 1 + ((67 - -1) + -35 - (-1 + 3)).
32
(5 - -38) + 25 + (29 + -23 - 32)
42
What is the value of 5 + 7 - 26 - (4 + -12 + 124)?
-130
20 + (-31 - (67 - 57))
-21
Evaluate (-47 + (56 - 35) - 1) + -46.
-73
22 - (-4 - (-83 + 82))
25
Calculate 1 - 4 - ((5 - 33) + (-7 - -10) + 9).
13
(-16 + (-10 - -25) - (-1 - (4 + -2))) + -2
0
What is the value of -6 + ((2 - 8) + 1 + 9 - (-29 - 31))?
58
117 - (-35 + 36 + (4 - 10) + 11)
111
-1 + (-12 - -7) + -9 - 2 - -36
19
(32 - 40) + -51 + 71
12
-11 - 68 - (107 + -122) - 7
-71
What is the value of (129 - (141 + 4)) + 146?
130
62 - (8 + -4 + (2 - -8 - 1))
49
6 - 9 - ((5 + 9 + -7 - 18) + 111)
-103
What is the value of 0 - (1 - (1 + -10)) - (10 - 94) - 14?
60
What is the value of 107 - (-4 - -35) - 3 - 36?
37
817 + -681 - (10 - -111)
15
Evaluate 36 - (-35 + 197 - 133).
7
What is the value of 68 + -13 + -6 + -82?
-33
5 + -46 - (-29 - (-13 - 5) - 0)
-30
Evaluate 14 + 33 + (139 - 170).
16
-18 - (-109 - 120 - -77)
134
Calculate -9 - (-12 + (20 - 11 - 66 - 11) + -1).
72
Evaluate 7 + (-2 - 3 - ((-2 - 33) + (39 - 8))).
6
What is the value of 32 - (9 - 4) - (4 + 0 - (-380 - -387))?
30
What is 12 + 32 + -56 + 13?
1
13 - (3 - ((-91 - -27) + 8))
-46
Calculate 1 + 80 + (36 - 12 - (31 + -3 + -6)).
83
8 + (-90 - (-227 + 100))
45
(1043 - 1034) + (3 - -1)
13
What is 30 - (99 + 73 + -75)?
-67
What is -1 + -3 - 15 - (779 - 869)?
71
Calculate 39 + -42 - (-2 - 9 - (-19 + 54 + -14)).
29
Calculate 1 + (-4 - -3) + 145 + -112.
33
15 + (-1 - (12 + -31)) + -14
19
What is the value of 20 + -13 + -4 + -9 + -3 + -14?
-23
31 + -13 + 8 + 7 - (64 + -73)
42
Calculate 27 + (-6 - (4 + 21)).
-4
What is the value of 2 + -9 + (17 - 61) + 65?
14
Calculate -121 + -17 + 55 + 32.
-51
What is -5 + 0 + 16 + (-32 - -31) + 4?
14
Evaluate 83 - (-13 + (7 - 2 - -26) + -11).
76
68 + 0 + -503 + 446
11
Calculate 0 - (-11 + -2) - (-23 + 158 + -69).
-53
Evaluate -145 + (56 - -12) - -81.
4
-31 - (114 - 39 - 56)
-50
1 + 4 + -61 - -34 - 16
-38
What is (-10 + 4 + 28 - 111) + 23?
-66
Evaluate -20 - 117 - -82 - -42.
-13
(3 - (-79 + 102)) + 0 + 31 - (-2 + 43)
-30
What is the value of 5 + (2 - 4) - (-37 + 26) - 24?
-10
Evaluate -208 + 189 + (-27 - 1).
-47
-6 - (-2 - 2) - (185 + -115 + 22)
-94
What is the value of (29 - -1) + -2 - ((21 - 28) + 1)?
34
Evaluate (130 - 98) + (-35 - 2) - 32.
-37
(-7 - -14 - -3) + -37 + -53
-80
-6 + (-10 - (-18 - 27 - -6))
23
What is (-5 - -1) + -7 - (-5177 - -5133)?
33
What is the value of -11 + -13 + (25 - -1) + (-3 - -7 - -35)?
41
What is -12 + 25 + (-3 + 14 + -51 - -9)?
-18
What is the value of (-4 - -2) + -1 + -3852 + 3827?
-28
What is the value of -32 - (-14 - (-36 - -21))?
-33
4 + (54 - -8) + (-2 + 9 - (1 - 9))
81
-151 + 275 + -122 + ((-1 - 0) + 75 - -2)
78
Evaluate -174 - (-1 + 32 - 115 - -46).
-136
What is -11 + -16 + 83 + -35 - (87 - -1)?
-67
Calculate (-52 - 60) + 101 + -7 + (-2 - -2).
-18
Evaluate 84 - 47 - 29 - (63 + 13 + 2 + -1).
-69
What is the value of (-12 - (-5 + -20 - -18)) + -57 - -7?
-55
(-22 - (78 + -92)) + 51 + -3
40
Calculate (2 - (-15 - 1)) + 0 + (8577 - 8585).
10
Evaluate 213 + -114 + (-42 - (-7 + 1)).
63
Calculate (10 - (39 + -106 - (13 - 3))) + -1 + 4.
90
What is -83 - (-58 - (-37 - -20))?
-42
-46 - (-34 + (-21 - (22 + -62)))
-31
Calculate -23 - ((-19 - (-17 + 5)) + -5).
-11
What is 5 + (-1 - (54 + 6) - -3) - (42 + -51)?
-44
What is (61 - -43) + -128 - (10 + -2)?
-32
-8 + 31 - (8 - 67 - -59)
23
What is -38 - -118 - (-152 + 153 - (0 + -3))?
76
What is (17 - (6 - 9)) + 1 - -3 - (-185 - -189)?
20
214 + -225 - (-36 - 11)
36
Calculate -119 + -1 + -269 + 263 - (9 - (20 - 4)).
-119
-1 + -4 + -8 + (2 - -7) + (5 - -76)
77
Calculate 30 + (17 - 34 - 9).
4
Calculate -6 + -1 - (-65 + 52) - (-5 + -22).
33
Evaluate (-6 - 3) + 14 + -13 + -6 - (36 - -2).
-52
What is the value of (83 - (127 + -110)) + -188?
-122
47 - (-45 + 63 - 25)
54
Evaluate (-1 - 0) + (-9 - -31) + -42 - 22.
-43
What is -1 + 23 + 237 + -132 + -152?
-25
What is the value of 0 + (17 - 11) + 58 + (10 - -1) - 6?
69
(0 - 3 - 18 - -3) + -1524 + 1523
-19
What is 4 + 55 + -68 + 71?
62
(-199 - -138) + (5 - 19)
-75
Calculate 10 - (-10 + 50 + -87).
57
-59 + (5 - (4 - 5 - (26 - 26)))